{"id":734,"date":"2020-07-16T22:56:35","date_gmt":"2020-07-16T20:56:35","guid":{"rendered":"http:\/\/www.troywhisper.com\/fr\/troy-whisper-medium-et-voyageur-psychic-and-traveler\/?page_id=734"},"modified":"2020-09-05T23:50:49","modified_gmt":"2020-09-05T21:50:49","slug":"communications-extrasensorielles","status":"publish","type":"page","link":"https:\/\/www.troywhisper.com\/fr\/troy-whisper-medium-et-voyageur-psychic-and-traveler\/fr\/communications-extrasensorielles\/","title":{"rendered":"Communications extrasensorielles"},"content":{"rendered":"\n<h2>M\u00e9diumnit\u00e9 et canaux<\/h2>\n\n\n\n<p>La m\u00e9diumnit\u00e9 est un \u00e9tat provisoire, qui se manifeste sous certaines conditions, et dans diff\u00e9rents \u00e9tats : conscient ou semi-conscient.<\/p>\n\n\n\n<p>Le praticien semble absent, et rentre dans une sorte de torpeur, ce que nous appellerons un \u00e9tat de conscience modifi\u00e9. Il devient alors un canal de r\u00e9ception, sch\u00e9matiquement, une grosse parabole de r\u00e9ception ! S\u2019ouvrent ensuite \u00e0 lui, des portails sur des plans vibratoires diff\u00e9rents. C\u2019est l\u00e0 que s\u2019\u00e9tablit le contact avec des consciences ou des m\u00e9moires, qui ne sont pas incarn\u00e9s dans la mati\u00e8re tel que nous le connaissons.<\/p>\n\n\n\n<p>Certains parlent de d\u00e9funt, d\u2019autre de guides, de messager, voir les trois. Le m\u00e9dium est un lien entre ici et ailleurs, c\u2019est un \u00e9metteur r\u00e9cepteur vivant. C\u2019est le t\u00e9moin privil\u00e9gi\u00e9 et la preuve parlante que l\u2019\u00eatre humain est autre chose qu\u2019un corps biologique vivant en 3D !<\/p>\n\n\n\n<p>Ce dernier ne sait jamais vraiment \u00e0 qui il a affaire ou ce qu\u2019il capte, et, c\u2019est bien la que commence les probl\u00e8mes. Dans des lieux et \u00e0 des moments inadapt\u00e9s, la lecture peut tourner au cauchemar. Cet \u00e9tat n\u2019est pas \u00e0 prendre \u00e0 la l\u00e9g\u00e8re et m\u00e9rite un travail sur soi -psychique et mentale- permanent, afin de ne pas \u00eatre d\u00e9stabilis\u00e9 voir parasit\u00e9.<\/p>\n\n\n\n<p>Le m\u00e9dium est capable de donner des informations tr\u00e8s pr\u00e9cises \u00e0 la personne qui vient le consulter, c\u2019est \u00ab un passeur \u00bb. Il transmet donc les messages. C\u2019est un interm\u00e9diaire entre notre dimension et l\u2019invisible. Normalement, ce dernier n\u2019a aucune action \u00e0 titre individuel, quant \u00e0 la retransmission des messages d\u00e9livr\u00e9s : Il les donne sans aucune interpr\u00e9tation personnelle.<\/p>\n\n\n\n<p>Il capte, d\u00e9crit; et raconte se qu\u2019il per\u00e7oit \u00e0 l\u2019instant T. Les messages arrivent tr\u00e8s clairement, ou parfois par hach\u00e9s et saccad\u00e9s. Ceux-ci s\u2019accompagnent ou non de vision. Parfois le praticien ne voit rien, mais il entend tr\u00e8s clairement, c\u2019est ce que nous appelleront la claire audience. Tout passe, quoique il en soit par le m\u00eame lieu, et ce -comme nous le verrons plus tard-une partie pr\u00e9cise du cerveau est directement impliqu\u00e9e.<\/p>\n\n\n\n<h2>Aptitude de clairvoyance et de claire-audience<\/h2>\n\n\n\n<p>Une partie du cerveau serait elle donc biologiquement diff\u00e9rente ? Ces aptitudes particuli\u00e8res commun\u00e9ment appel\u00e9es \u00ab dons \u00bb sont-elles des pr\u00e9dispositions particuli\u00e8res li\u00e9es \u00e0 l individu, ou plus g\u00e9n\u00e9rales au r\u00e8gne humain ? Les travaux r\u00e9cents sur l\u2019\u00e9piphyse neurale effectu\u00e9 par le Chercheur, neuro-psychiatre et master en science, le Professeur Felipe de Oliveira apportent des \u00e9l\u00e9ments de r\u00e9ponse, d\u00e9montrant une pr\u00e9disposition biologique clairement \u00e9tablie.<\/p>\n\n\n\n<p>Dans sa constitution, cette glande endocrine diff\u00e8re chez les patients pr\u00e9sentant ces aptitudes c\u00e9r\u00e9brales particuli\u00e8res, loin d\u2019\u00eatre le fruit du Hasard ou d\u2019un don survenu on ne sait comment. <\/p>\n\n\n\n<p class=\"textchalk\">L\u2019\u00e9piphyse est con\u00e7ue diff\u00e9remment chez chaque personne. Les ph\u00e9nom\u00e8nes dit de pr\u00e9-cognition sont de loin les plus int\u00e9ressants.<\/p>\n\n\n\n<p>Le clairvoyant, plong\u00e9 dans un \u00e9tat de conscience modifi\u00e9 abaisse le seuil de ses ondes c\u00e9r\u00e9brales, \u00e0 ce moment l\u00e0, le cerveau \u00ab d\u00e9braye \u00bb. Il est alors pr\u00eat \u00e0 recevoir des informations visuelles ou auditives. L\u2019ensemble du cerveau proc\u00e9dera ensuite au d\u00e9cryptage de celle-ci. <\/p>\n\n\n\n<p>Le praticien en charge, est alors capable d&#8217;avoir acc\u00e8s \u00e0 la biblioth\u00e8que d\u2019information individuel du consultant. La consultation d\u00e9bute alors.<\/p>\n\n\n\n<p>John P Rose de l\u2019Universit\u00e9 d\u2019Oxford d\u00e9clare que \u00ab l\u2019\u00eatre humain est biologique, psychologique et spirituel. \u00bb<\/p>\n\n\n\n<h2>L\u2019intuition et son fonctionnement<\/h2>\n\n\n\n<p>On en entend beaucoup parl\u00e9. Parmi tout cela, de nombreuses affirmations et croyances populaires impr\u00e9cises, voir totalement fausses. L\u2019intuition serait elle la cl\u00e9 pour pr\u00e9dire l\u2019avenir ? Serait-elle m\u00eame ce que l\u2019on entend par le 7\u00e8me de nos sens ? En r\u00e9alit\u00e9, ce n\u2019est rien de tout cela !<\/p>\n\n\n\n<p class=\"textchalk\">Commen\u00e7ons par les 5 sens ordinaires que chacun poss\u00e8de (normalement) d\u00e9s la naissance : la vision, le toucher, l\u2019odorat, le go\u00fbt et l\u2019audition. Tous ces sens premiers fonctionnent avec les canaux de communication enc\u00e9phaliques usuels. <\/p>\n\n\n\n<p>L\u2019intuition, elle, est tout autre. Ce n\u2019est pas une facult\u00e9 mentale et encore moins une capacit\u00e9. C&#8217;est un ressenti. Peut-elle s\u2019apprendre et se d\u00e9velopper ? Non, absolument PAS ! <\/p>\n\n\n\n<p class=\"textchalk\">C\u2019est ce que l\u2019on appelle commun\u00e9ment la c\u00e9nesth\u00e9sie ou l\u2019art du ressenti.<\/p>\n\n\n\n<p>C\u2019est cette petite voix int\u00e9rieure qui ne trompe pas et qui ne fait appel \u00e0 aucune facult\u00e9 c\u00e9r\u00e9brale. Mais qu\u2019elle est donc la d\u00e9finition de l\u2019intuition ?<br>Ce mot m\u00eame d\u2019intuition vient du latin scolastique Intuitio :<br>In : qui d\u00e9finit la provenance ici, \u00e0 l int\u00e9rieur, Tui qui veut dire qui jaillit et Tio vers l\u2019ext\u00e9rieur. C\u2019est un ph\u00e9nom\u00e8ne qui provient de l\u2019int\u00e9rieur, du dedans, et qui s\u2019ext\u00e9riorise, vers le dehors. Voici ce qu\u2019est l\u2019intuition. Chacun poss\u00e8de donc en soit, un potentiel intuitif. <\/p>\n\n\n\n<p><strong>En 1908, l\u2019acad\u00e9mie fran\u00e7aise \u00e0 d\u00e9finitivement int\u00e9gr\u00e9 le mot pour inventaire Grace \u00e0 J.H Poincar\u00e9<\/strong>, qui d\u00e9clarera entre autre: \u00ab Avec la logique nous d\u00e9montrons, avec l\u2019intuition nous inventons \u00bb.<\/p>\n\n\n\n<p class=\"textchalk\">Le r\u00eave et l\u2019intuition sont d\u2019apr\u00e8s C.G Yung , les deux messagers de l\u2019inconscient. L\u2019intuition en est le messager du dedans.<\/p>\n\n\n\n<p>Pour les neuro-scientifiques, elle n\u2019existe pas, pour les psychologues, ce serait une forme d\u2019intelligence cognitive. En r\u00e9alit\u00e9, ce n\u2019est rien de tout cela, comme en atteste d\u2019ailleurs le Neuro-scientifique, le professeur Boissier. L\u2019intuition est donc une connaissance directe, imm\u00e9diate, spontan\u00e9e- jaillissante qui ne d\u00e9pend PAS de la volont\u00e9, ni d\u2019un raisonnement logique. C\u2019est un LONG travail inconscient, et la d\u00e9finition de l\u2019acad\u00e9mie fran\u00e7aise en 1908. <br>Autrement dit; s\u2019il n\u2019y a pas de travail constant et s\u00e9rieux il n\u2019y a pas de manifestation de l\u2019intuition !<\/p>\n\n\n\n<h2>Les supports<\/h2>\n\n\n\n<h2><strong>Qu\u2019est-ce qu\u2019un support ? Comment fonctionne-t il ?<\/strong><\/h2>\n\n\n\n<p>Les supports fonctionnent pour les clairvoyants comme des catalyseurs, sortes de miroirs de l\u2019inconscient et du monde de l\u2019invisible. <br>Ils sont vari\u00e9s et prennent diff\u00e9rentes formes. Le jeu de tarot, par exemple se pr\u00e9sente autour d\u2019arcanes majeurs et mineurs. Chaque praticien a ses pr\u00e9f\u00e9rences, suivant sa sensibilit\u00e9.<\/p>\n\n\n\n<p><strong>Le jeu de carte n\u2019est pas indispensable, ni rien du reste, puisqu&#8217;un bon praticien peut th\u00e9oriquement travailler sans l\u2019aide d\u2019aucun support. Ce dernier participe juste \u00e0 \u00e9tablir une barri\u00e8re physique entre praticien et patient.<\/strong><br>Il peut aider \u00e0 d\u00e9clencher de part sa forme, ses couleurs et son symbolisme les visions. Il concentre et sugg\u00e8re.<\/p>\n\n\n\n<h4 class=\"textchalk\"><strong>Tarots et oracles, aux portes de l\u2019invisible<\/strong><\/h4>\n\n\n\n<p>Mes pr\u00e9f\u00e9rences ce sont les cartes color\u00e9es, lumineuses. Celles-ci favorisent ou induisent un \u00e9tat de transe intuitive.<br>En voici de beaux exemples :<br>&#8211;<a rel=\"noreferrer noopener\" href=\"https:\/\/www.maudkristen.com\/le-coffret-de-tarot\/\" target=\"_blank\">Le tarot de l\u2019eden magnifiquement r\u00e9alis\u00e9 par Alika Lindbergh pour<br>Maud Kristen<\/a><br>-L\u2019oracle de Belline, l\u2019indispensable cr\u00e9e par Edmont.<br>&#8211;<a rel=\"noreferrer noopener\" href=\"https:\/\/www.amazon.fr\/jeu-divinatoire-Yaguel-Didier\/dp\/2221072456\" target=\"_blank\">Le jeu divinatoire, \u00e9dit\u00e9 pour Yaguel Didier par Marina Karella.<\/a><br>-Le tarot de Mme Le normand et de Marseille; les bases de tout bon<br>tarologue.<br><br>Avec le temps, se cr\u00e9e un lien tr\u00e8s particulier entre le praticien et ses supports. Une relation intime, qui tient de l\u2019affectif.<\/p>\n\n\n\n<figure class=\"wp-block-image size-large\"><img loading=\"lazy\" width=\"1024\" height=\"705\" src=\"http:\/\/www.troywhisper.com\/wp-content\/uploads\/2020\/07\/tarot-1024x705.jpg\" alt=\"\" class=\"wp-image-609\" srcset=\"https:\/\/www.troywhisper.com\/wp-content\/uploads\/2020\/07\/tarot-1024x705.jpg 1024w, https:\/\/www.troywhisper.com\/wp-content\/uploads\/2020\/07\/tarot-300x207.jpg 300w, https:\/\/www.troywhisper.com\/wp-content\/uploads\/2020\/07\/tarot-768x529.jpg 768w, https:\/\/www.troywhisper.com\/wp-content\/uploads\/2020\/07\/tarot.jpg 1224w\" sizes=\"(max-width: 1024px) 100vw, 1024px\" \/><figcaption>Ci dessus Oracles de Belline, min\u00e9raux et outils personnels<\/figcaption><\/figure>\n\n\n\n<figure class=\"wp-block-image size-large\"><img loading=\"lazy\" width=\"495\" height=\"720\" src=\"http:\/\/www.troywhisper.com\/wp-content\/uploads\/2020\/07\/tarot02.jpg\" alt=\"\" class=\"wp-image-611\" srcset=\"https:\/\/www.troywhisper.com\/wp-content\/uploads\/2020\/07\/tarot02.jpg 495w, https:\/\/www.troywhisper.com\/wp-content\/uploads\/2020\/07\/tarot02-206x300.jpg 206w\" sizes=\"(max-width: 495px) 100vw, 495px\" \/><figcaption>Tarot de Yaguel Didier et Auralite -23<\/figcaption><\/figure>\n\n\n\n<h4 class=\"textchalk\"><strong>Les min\u00e9raux : catalyseur, ou simple roche ?<\/strong><\/h4>\n\n\n\n<p>Si pour beaucoup d\u2019individus les min\u00e9raux sont de vulgaires cailloux, pour les g\u00e9ologues (et pour moi-m\u00eame) c\u2019est bien toute autre chose\u2026.<br>Chacun des min\u00e9raux poss\u00e8de une cha\u00eene atomique qui lui est propre. Tous, sont r\u00e9pertori\u00e9s et class\u00e9s dans diff\u00e9rentes familles. Un min\u00e9ral est une substance form\u00e9e naturellement, g\u00e9n\u00e9ralement inorganique. (plus rarement organique, le corail par exemple.)<br><strong>Un min\u00e9ral donn\u00e9 est caract\u00e9ris\u00e9 par une formule chimique ainsi qu\u2019une structure cristalline<\/strong>, c\u2019est \u00e0 dire respectivement par la nature des atomes qui le composent et leurs agencements dans l\u2019espace. La min\u00e9ralogie concentre les diverses approches d\u2019\u00e9tude des min\u00e9raux<br>sur ces bases th\u00e9oriques.<br><\/p>\n\n\n\n<h3 class=\"textchalk\"><strong>Propri\u00e9t\u00e9s des min\u00e9raux<\/strong><\/h3>\n\n\n\n<p><span class=\"textchalk\">Plusieurs propri\u00e9t\u00e9s et m\u00e9thodes permettent<\/span> de caract\u00e9riser un min\u00e9ral.<br>Pour \u00e9tudier un type en particulier, le min\u00e9ralogiste se basera notamment sur :<br>\u2013 Sa <strong>structure cristalline<\/strong> \u00e0 l\u2019\u00e9tat solide, sa composition chimique, ses propri\u00e9t\u00e9s m\u00e9caniques : ( densit\u00e9 ou sa masse volumique, duret\u00e9, clivage, cassure, fracture, toucher)<br>\u2013 Ses <strong>propri\u00e9t\u00e9s optiques<\/strong> : couleur, trace, \u00e9clat, transparence, son indice de r\u00e9fraction, et l\u2019analyse interf\u00e9rentielle \u00e0 l\u2019aide de rayon X.<br>\u2013 Les <strong>liaisons entre les atomes <\/strong>qui peuvent \u00eatre covalentes, ioniques, m\u00e9talliques de Van der Waals\u2026<br>\u2013 Ses <strong>propri\u00e9t\u00e9s chimiques<\/strong>, la photoluminescence notamment, la r\u00e9activit\u00e9 avec la mise en contact d\u2019acide, sa coloration apr\u00e8s le passage \u00e0 la flamme.<br>\u2013 Sa <strong>phase<\/strong>, ou si vous pr\u00e9f\u00e9rez son \u00e9tat (solide, liquide ou gazeuse)<br>\u2013 Sa <strong>solubilit\u00e9<\/strong>, (dans l\u2019eau et dans les acides) et pour conclure<br>\u2013 Ses <strong>propri\u00e9t\u00e9s \u00e9lectriques et thermiques<\/strong>.<br><\/p>\n\n\n\n<h3 class=\"textchalk\"><strong>Nomenclature des min\u00e9raux<\/strong><\/h3>\n\n\n\n<p>La nomenclature moderne s\u2019impose dans le courant du 19\u00e8me si\u00e8cle. Le nom attribu\u00e9 regroupe alors plusieurs raisons : une propri\u00e9t\u00e9 caract\u00e9ristique (exemple la magn\u00e9tite), le nom de l\u2019\u00e9l\u00e9ment chimique<br>dominant (la calcite par exemple), le nom d\u2019un savant (exemple la dolomite, d\u00e9di\u00e9e \u00e0 D\u00e9odat de Dolomieu), sa couleur et enfin sa provenance.<br>Actuellement l\u2019<strong>IMA (l\u2019association internationale de min\u00e9ralogie)<\/strong><br>essaye dans sa mission de normaliser la d\u00e9finition des esp\u00e8ces min\u00e9rales.<\/p>\n\n\n\n<h4 class=\"textchalk\"><strong>Les min\u00e9raux et leurs champs d\u2019action<\/strong><\/h4>\n\n\n\n<p><strong><em>La loi d\u2019analogie<\/em><\/strong><br>La m\u00e9decine chinoise, l\u2019hom\u00e9opathie, ainsi que la litho-th\u00e9rapie exploitent l\u2019analogie.<\/p>\n\n\n\n<p class=\"textchalk\">Chaque min\u00e9ral, selon sa fr\u00e9quence vibratoire (couleur) serait associ\u00e9 \u00e0 un centre \u00e9nerg\u00e9tique donn\u00e9 par analogie vibratoire. Par exemple tous les min\u00e9raux de couleur rouge et noire sont associ\u00e9s au chakra racine. <\/p>\n\n\n\n<p>Le corps humain dans son int\u00e9gralit\u00e9 (plan physique et subtil) et un \u00e9metteur r\u00e9cepteur. Suivant un processus d\u2019accord vibratoire, qui demande une participation active de la part du sujet, le cristal rentre en r\u00e9sonance avec le chakra concern\u00e9.<\/p>\n\n\n\n<p>Si le centre en est perturb\u00e9, le cristal peut en r\u00e9\u00e9quilibrer le fonctionnement. Dans le corps humain (comme chez les autres esp\u00e8ces animales d\u2019ailleurs !) chaque organe et tissu poss\u00e8dent sa propre vibration. Sorte de carte \u00e9nerg\u00e9tique propre.<\/p>\n\n\n\n<p>Quand l\u2019\u00e9quilibre est perturb\u00e9 ou modifi\u00e9, l\u2019organisme r\u00e9agit.<\/p>\n\n\n\n<p class=\"textchalk\">C\u2019est \u00e0 ce moment-l\u00e0 qu\u2019il d\u00e9clare ses maladies, et dis-fonctionne.<\/p>\n\n\n\n<p>La litho-th\u00e9rapie exploite les lois de r\u00e9sonance \u00e9nerg\u00e9tique pour accorder les vibrations d\u2019un organe, tissu ou syst\u00e8me perturb\u00e9, avec les min\u00e9raux correspondant \u00e0 sa personnalit\u00e9 vibratoire.<\/p>\n\n\n\n<h3 class=\"textchalk\">Les min\u00e9raux, comment bien les choisir et les utiliser :<\/h3>\n\n\n\n<p>Les min\u00e9raux sont bel et bien vivants et nous parlent\u2026<br>Leur cha\u00eene atomique est suspendue et ne pr\u00e9sente plus aucune d\u2019activit\u00e9 perceptible. Pour profiter de leurs b\u00e9n\u00e9fices, il faut se mettre \u00e0 leur port\u00e9e. Le soin, \u00e0 l\u2019aide de min\u00e9raux, est bas\u00e9 sur le ressenti, et la<br>visualisation. De nombreux ouvrages conseillent de les porter, et ce<br>notamment au niveau des m\u00e9ridiens \u00e9nerg\u00e9tiques concern\u00e9s.<br><br><strong>Lithoth\u00e9rapie et m\u00e9ditation sont presque indissociables\u2026<\/strong><br><br>Durant les m\u00e9ditations, les lectures et soins, les min\u00e9raux dispensent<br>le maximum de leurs bienfaits. Tout min\u00e9ral doit \u00eatre nettoy\u00e9 (purifi\u00e9) apr\u00e8s chaque utilisation, l\u2019am\u00e9thyste sous forme de g\u00e9ode est couramment utilis\u00e9e. La terre plus simplement, la poudre d\u2019argile, ou pour la famille des quartz, le gros sel, sont aussi couramment utilis\u00e9s ainsi que les expositions au soleil et \u00e0 la lune.<\/p>\n\n\n\n<p class=\"textchalk\"><strong>La visualisation mentale permet de donner une intention pr\u00e9cise \u00e0 la pierre utilis\u00e9e, qui devient alors un instrument d\u00e9di\u00e9. L\u2019univers d\u00e9pose dans les pierres ce que nous mettons dans nos pri\u00e8res\u2026 C\u2019est par un travail m\u00e9thodique et suivi que nous obtiendrons les meilleurs r\u00e9sultats.<\/strong><\/p>\n\n\n\n<p>Les pierres sont aussi positives pour notre habitat. Qui n\u2019a jamais entendu parler des mauvaises ondes des t\u00e9l\u00e9phones portables, ou du four \u00e0 micro-onde !<br>Les quartz roses dans les lieux de repos ou de nuit vous aideront \u00e0 l\u2019endormissement, et favoriseront votre sph\u00e8re affective.<\/p>\n\n\n\n<p class=\"textchalk\"><strong>La tourmaline noire pr\u00e8s des ordinateurs, et de compteur \u00e9lectrique en<br>neutralisera leurs effets, ou en tout cas les att\u00e9nuera.<\/strong> <\/p>\n\n\n\n<p>Les gros blocs bruts ont en cela ma pr\u00e9f\u00e9rence. La masse est importante.<\/p>\n\n\n\n<h3 class=\"textchalk\">Mysticisme et sant\u00e9 publique : le point<\/h3>\n\n\n\n<p><strong>La litho-th\u00e9rapie est une approche holistique de la sant\u00e9<\/strong>. Cette derni\u00e8re prend en consid\u00e9ration l\u2019\u00eatre humain dans sa globalit\u00e9. Les anciennes<br>civilisations nous ont laiss\u00e9 des traces de ces pratiques et proc\u00e9d\u00e9s.<\/p>\n\n\n\n<p>Les soins du corps allaient alors de pair avec ceux de l\u2019\u00e2me, et de l\u2019esprit. Au moment de la renaissance fran\u00e7aise, l\u2019\u00e2me fut s\u00e9par\u00e9e du corps.<\/p>\n\n\n\n<blockquote class=\"wp-block-quote\"><p>\u00ab La sant\u00e9 n\u2019est pas seulement une affaire de m\u00e9decine, elle est affaire<br>aussi d\u2019hygi\u00e8ne de vie\u2026. \u00bb <\/p><cite>Francis LIZION Ed Mozaique, 1999<\/cite><\/blockquote>\n\n\n\n<p>Quoi qu\u2019il en soit la pratique de la <strong>litho-th\u00e9rapie<\/strong>, ou de tout autre approche, ne pourra <u><strong>JAMAIS<\/strong> se substituer \u00e0 un diagnostic, \u00e0 un traitement et, ou, \u00e0 tout autre protocole m\u00e9dical dispens\u00e9 par des professionnels de la sant\u00e9 !<\/u><\/p>\n\n\n\n<h3 class=\"textchalk\">Quelques Min\u00e9raux<\/h3>\n\n\n\n<figure class=\"wp-block-image\"><img src=\"http:\/\/www.troywhisper.com\/wp-content\/uploads\/2020\/07\/minerau3.jpg\" alt=\"L\u2019attribut alt de cette image est vide, son nom de fichier est minerau3.jpg.\"\/><figcaption>Pointe de Quartz \u00ab fant\u00f4me \u00bb.<\/figcaption><\/figure>\n\n\n\n<h4><strong>Le cas bien int\u00e9ressant\u2026 du Quartz\u2026 la base de tout !<\/strong><\/h4>\n\n\n\n<p><strong>Sa composition chimique : <\/strong><br>Si02. Class\u00e9 dans les oxydes, son syst\u00e8me est cristallin rhombo\u00e9drique. <br>On appelle cristal de roche la vari\u00e9t\u00e9 incolore. L\u2019oxyde de silicium qui le d\u00e9finit est l\u2019un des basiques de notre sol, et de notre structure mol\u00e9culaire. <strong>Le quartz est \u00e0 la fois un r\u00e9cepteur, un \u00e9metteur, un transformateur et\u2026 un catalyseur !<\/strong><br><br>Ses applications et implications sont multiples.<br>Conseill\u00e9 g\u00e9n\u00e9ralement en association, il active tous les autres. Je l\u2019utilise principalement en bloc brut ou sous sa forme sph\u00e9rique. Il est parfait pour la m\u00e9ditation, et le travail de divination.<\/p>\n\n\n\n<figure class=\"wp-block-image\"><img src=\"http:\/\/www.troywhisper.com\/wp-content\/uploads\/2020\/07\/minerau2.jpg\" alt=\"L\u2019attribut alt de cette image est vide, son nom de fichier est minerau2.jpg.\"\/><\/figure>\n\n\n\n<h4 class=\"textchalk\">L\u2019Auralite -23 : <\/h4>\n\n\n\n<p>La survivante\u2026<\/p>\n\n\n\n<p>Ces cristaux datent d\u2019il y a environ 1,2 milliard d\u2019ann\u00e9es. <br><strong>Le cristal A23 contient au moins 17 pierres et 23 \u00e9l\u00e9ments de classification chimique r\u00e9pertori\u00e9s dans le tableau de Mendele\u00efev, <\/strong>ce qui est plus qu\u2019improbable, mais vrai.<br>Des vertus \u00e9nerg\u00e9tiques importantes lui sont accord\u00e9es :<br>r\u00e9organisation et purification des m\u00e9ridiens \u00e9nerg\u00e9tiques. Guidance,<br>et \u00e9volution spirituelle\u2026 Elle est r\u00e9put\u00e9e pour r\u00e9conforter et soulager<br>dans les moments de d\u00e9tresse li\u00e9s \u00e0 la sph\u00e8re affective.<\/p>\n\n\n\n<figure class=\"wp-block-image\"><img src=\"http:\/\/www.troywhisper.com\/wp-content\/uploads\/2020\/07\/minerau1.jpg\" alt=\"L\u2019attribut alt de cette image est vide, son nom de fichier est minerau1.jpg.\"\/><figcaption>Paque de Jade oxyd\u00e9 avec de nombreuses inclusions.<\/figcaption><\/figure>\n\n\n\n<h4 class=\"textchalk\">La n\u00e9phrite ou jade n\u00e9o-Z\u00e9landais<\/h4>\n\n\n\n<p>Exploit\u00e9 depuis des milliers d\u2019ann\u00e9es en nouvelle Z\u00e9lande, et v\u00e9n\u00e9r\u00e9s par les Maoris, il est commun\u00e9ment appel\u00e9 \u00ab green-stone \u00bb ou \u00ab Pounamou \u00bb.<\/p>\n\n\n\n<p>Le jade accompagne et prot\u00e8ge les \u00eatres humains\u2026.<br> Sa composition chimique est diff\u00e9rente en Colombie britannique (Am\u00e9rique du Nord) en Chine, ou au Guatemala. Il est pr\u00e9sent dans toutes les r\u00e9gions du globe. En fonction des couches d\u2019extraction, sa nature (coloration, densit\u00e9, inclusion) change.<br><strong>Elle peut \u00eatre noire, d\u2019un vert pomme translucide, laiteuse et opaque, ou pr\u00e9senter des inclusions rouges ou cendr\u00e9es. Ces derni\u00e8res \u00e9tant en partie dues \u00e0 l\u2019oxydation du fer.<\/strong><br>Sa composition chimique est variable, mais comprend principalement du Silicate de magn\u00e9sium, du calcium, du fer et peut contenir de la magn\u00e9tite. (suivant les gisements et la position g\u00e9ologique).<br>Les ma\u00eetres sculpteurs le travaillent sous diff\u00e9rente forme et la symbolique est haute en signification. <br>Le Jade est une pierre totem noble, chamanique.<br><strong>Elle est principalement d\u00e9di\u00e9 \u00e0 la protection et \u00e0 la sant\u00e9.<\/strong><\/p>\n\n\n\n<figure class=\"wp-block-image\"><img src=\"http:\/\/www.troywhisper.com\/wp-content\/uploads\/2020\/07\/minerau.jpg\" alt=\"L\u2019attribut alt de cette image est vide, son nom de fichier est minerau.jpg.\"\/><figcaption>Obsidienne flocon de neige.<\/figcaption><\/figure>\n\n\n\n<h4 class=\"textchalk\">L\u2019obsidienne, cette merveille volcanique<\/h4>\n\n\n\n<p>Pierre volcanique se rapprochant du verre. <strong>Form\u00e9 lors d\u2019un refroidissement brutal du magma. Riche en silice, elle est issue des profondeurs du manteau terrestre, et des poches de magma en fusion. <\/strong>Cette pierre est utilis\u00e9e depuis la nuit des temps, et, plus sp\u00e9cialement par les peuples indiens d\u2019Am\u00e9rique du Sud (Guatemala) Azt\u00e8ques et Mayas, dans leurs rituels li\u00e9 \u00e0 l\u2019occultisme.<br><br>Ce min\u00e9ral aurait la propri\u00e9t\u00e9 de transmuter \u00ab la nuit en lumi\u00e8re \u00bb. Elle est li\u00e9e au spirituel, et repousserait aussi les ondes n\u00e9gatives. C\u2019est une pierre pour <strong>l\u2019introspection et le questionnement.<\/strong><br>Il en existe plusieurs variantes : l\u2019argent\u00e9e, le flocon de neige, ou le tr\u00e8s m\u00e9diatis\u00e9 \u0153il c\u00e9leste qui, pr\u00e9sente des cercles concentriques iris\u00e9es et violac\u00e9es. Certainement l\u2019une des plus fascinantes et efficaces.<\/p>\n\n\n\n<p>La liste est bien s\u00fbr non exhaustive&#8230;<\/p>\n","protected":false},"excerpt":{"rendered":"<p>M\u00e9diumnit\u00e9 et canaux La m\u00e9diumnit\u00e9 est un \u00e9tat provisoire, qui se manifeste sous certaines conditions, et dans diff\u00e9rents \u00e9tats : conscient ou semi-conscient. Le praticien semble absent, et rentre dans une sorte de torpeur, ce que nous appellerons un \u00e9tat de conscience modifi\u00e9. Il devient alors un canal de r\u00e9ception, sch\u00e9matiquement, une grosse parabole de [&hellip;]<\/p>\n","protected":false},"author":2,"featured_media":0,"parent":0,"menu_order":0,"comment_status":"closed","ping_status":"closed","template":"","meta":[],"_links":{"self":[{"href":"https:\/\/www.troywhisper.com\/fr\/troy-whisper-medium-et-voyageur-psychic-and-traveler\/wp-json\/wp\/v2\/pages\/734"}],"collection":[{"href":"https:\/\/www.troywhisper.com\/fr\/troy-whisper-medium-et-voyageur-psychic-and-traveler\/wp-json\/wp\/v2\/pages"}],"about":[{"href":"https:\/\/www.troywhisper.com\/fr\/troy-whisper-medium-et-voyageur-psychic-and-traveler\/wp-json\/wp\/v2\/types\/page"}],"author":[{"embeddable":true,"href":"https:\/\/www.troywhisper.com\/fr\/troy-whisper-medium-et-voyageur-psychic-and-traveler\/wp-json\/wp\/v2\/users\/2"}],"replies":[{"embeddable":true,"href":"https:\/\/www.troywhisper.com\/fr\/troy-whisper-medium-et-voyageur-psychic-and-traveler\/wp-json\/wp\/v2\/comments?post=734"}],"version-history":[{"count":33,"href":"https:\/\/www.troywhisper.com\/fr\/troy-whisper-medium-et-voyageur-psychic-and-traveler\/wp-json\/wp\/v2\/pages\/734\/revisions"}],"predecessor-version":[{"id":1617,"href":"https:\/\/www.troywhisper.com\/fr\/troy-whisper-medium-et-voyageur-psychic-and-traveler\/wp-json\/wp\/v2\/pages\/734\/revisions\/1617"}],"wp:attachment":[{"href":"https:\/\/www.troywhisper.com\/fr\/troy-whisper-medium-et-voyageur-psychic-and-traveler\/wp-json\/wp\/v2\/media?parent=734"}],"curies":[{"name":"wp","href":"https:\/\/api.w.org\/{rel}","templated":true}]}}