{"id":1731,"date":"2020-09-06T01:11:13","date_gmt":"2020-09-05T23:11:13","guid":{"rendered":"http:\/\/www.troywhisper.com\/fr\/troy-whisper-medium-et-voyageur-psychic-and-traveler\/?page_id=1731"},"modified":"2020-09-06T01:22:38","modified_gmt":"2020-09-05T23:22:38","slug":"1731-2","status":"publish","type":"page","link":"https:\/\/www.troywhisper.com\/fr\/troy-whisper-medium-et-voyageur-psychic-and-traveler\/es\/1731-2\/","title":{"rendered":"La ep\u00edfisis neural o gl\u00e1ndula pineal"},"content":{"rendered":"\n<h2>La ep\u00edfisis neural o gl\u00e1ndula pineal<\/h2>\n\n\n\n<p>Situada en el centro del cerebro en forma de cono de pino, de 8 mm, constituida de cristales de apatito: <strong>El Doctor y psiquiatra Sergio Felipe de Oliveira, de<\/strong> <strong>la Universidad de Sao Paulo, Brasil, y M\u00e1ster en Ciencias, puso en evidencia sus funciones y su composici\u00f3n. <\/strong>Es conocido especialmente por sus trabajos sobre la teor\u00eda de los campos de ADN humano. Teniendo en cuenta su formaci\u00f3n en gen\u00e9tica del coraz\u00f3n, el profesor deduce que los genes no sabr\u00edan funcionar sin que la mente indujera su funcionamiento: <strong>la embriog\u00e9nesis.<\/strong><\/p>\n\n\n\n<figure class=\"wp-block-image size-large\"><img loading=\"lazy\" width=\"678\" height=\"480\" src=\"http:\/\/www.troywhisper.com\/wp-content\/uploads\/2020\/07\/cerveau05.jpg\" alt=\"\" class=\"wp-image-843\" srcset=\"https:\/\/www.troywhisper.com\/wp-content\/uploads\/2020\/07\/cerveau05.jpg 678w, https:\/\/www.troywhisper.com\/wp-content\/uploads\/2020\/07\/cerveau05-300x212.jpg 300w\" sizes=\"(max-width: 678px) 100vw, 678px\" \/><\/figure>\n\n\n\n<p><strong>La ep\u00edfisis <\/strong>es una peque\u00f1a gl\u00e1ndula endocrina responsable, entre otras cosas, de los ritmos circadianos y de la implementaci\u00f3n de la sexualidad. La gl\u00e1ndula pineal, entonces, capta las ondas del \u00a0espectro electro-magn\u00e9tico. Luego, el l\u00f3bulo frontal procede a la decodificaci\u00f3n, con el apoyo de las zonas encef\u00e1licas.<\/p>\n\n\n\n<p><strong>John P. Rose de la Universidad<\/strong> <strong>de Oxford <\/strong>afirma que el ser humano es biol\u00f3gico, psicol\u00f3gico y espiritual.<\/p>\n\n\n\n<p><strong>Sergio Felipe de Oliveira,<\/strong> <strong>neuro-psiquiatra <\/strong>en la Universidad de Sao-Paulo descubri\u00f3 los cristales de apatito, (presentes en estado natural en la naturaleza). Est\u00e1n compuestos de Fosfato, fl\u00faor y cloro. Mediante la difracci\u00f3n con rayos X, descubri\u00f3 que el apatito no se calcificaba, sino que daba lugar a la formaci\u00f3n de estructuras organizadas. Se utilizaron tanto la tomograf\u00eda computarizada como la resonancia magn\u00e9tica. Puso en evidencia una micro circulaci\u00f3n sangu\u00ednea que mantiene los cristales <strong>metab\u00f3licamente activos y vivos<\/strong>&#8230;<\/p>\n\n\n\n<p>Le proporciona a la gl\u00e1ndula una estructura parecida a una caja de resonancia.<\/p>\n\n\n\n<figure class=\"wp-block-image size-large\"><img loading=\"lazy\" width=\"678\" height=\"573\" src=\"http:\/\/www.troywhisper.com\/wp-content\/uploads\/2020\/07\/cerveau04.jpg\" alt=\"\" class=\"wp-image-654\" srcset=\"https:\/\/www.troywhisper.com\/wp-content\/uploads\/2020\/07\/cerveau04.jpg 678w, https:\/\/www.troywhisper.com\/wp-content\/uploads\/2020\/07\/cerveau04-300x254.jpg 300w\" sizes=\"(max-width: 678px) 100vw, 678px\" \/><\/figure>\n\n\n\n<p>El apatito est\u00e1 compuesto de numerosos electrones en su superficie y <strong>repele<\/strong> <strong>el campo magn\u00e9tico<\/strong>; Cuando un campo se aproxima toca los cristales y rebota sobre otro y despu\u00e9s queda aprisionado.<\/p>\n\n\n\n<p>Mientras m\u00e1s numerosos sean los cristales, m\u00e1s la persona podr\u00e1 captar los campos. Los m\u00e9diums tendr\u00edan una cantidad mayor a lo normal. La cantidad es una caracter\u00edstica biol\u00f3gica y nadie puede ni aumentarlos ni disminuirlos. Tal como ocurre con el color de los ojos, por ejemplo&#8230;<\/p>\n\n\n\n<p>La gl\u00e1ndula pineal es una receptora formidable, y las otras zonas del cerebro decodifican luego, como el c\u00f3rtex frontal.. <strong>Sin esta interacci\u00f3n, esto ser\u00eda imposible. \u00a0<\/strong>Los animales y especialmente los cet\u00e1ceos que tienen esta gl\u00e1ndula no tienen esta posibilidad. La gl\u00e1ndula pineal es alcanzada por la luz a trav\u00e9s de la retina de los ojos.<\/p>\n\n\n\n<p><strong>Intox :<\/strong><\/p>\n\n\n\n<p>A prop\u00f3sito del pensamiento positivo, esto es un enga\u00f1o, ya que s\u00f3lo un 5% remonta a la consciencia. Un 25% es subconsciente (descubrimiento realizado a partir de un estudio sobre el sue\u00f1o efectuado en los Estados Unidos.) Es el conjunto del cerebro el que funciona y que trata las informaciones, no una parte. Sin embargo, el 70% de la actividad mental es inconsciente.<\/p>\n","protected":false},"excerpt":{"rendered":"<p>La ep\u00edfisis neural o gl\u00e1ndula pineal Situada en el centro del cerebro en forma de cono de pino, de 8 mm, constituida de cristales de apatito: El Doctor y psiquiatra Sergio Felipe de Oliveira, de la Universidad de Sao Paulo, Brasil, y M\u00e1ster en Ciencias, puso en evidencia sus funciones y su composici\u00f3n. Es conocido [&hellip;]<\/p>\n","protected":false},"author":2,"featured_media":0,"parent":0,"menu_order":0,"comment_status":"closed","ping_status":"closed","template":"","meta":[],"_links":{"self":[{"href":"https:\/\/www.troywhisper.com\/fr\/troy-whisper-medium-et-voyageur-psychic-and-traveler\/wp-json\/wp\/v2\/pages\/1731"}],"collection":[{"href":"https:\/\/www.troywhisper.com\/fr\/troy-whisper-medium-et-voyageur-psychic-and-traveler\/wp-json\/wp\/v2\/pages"}],"about":[{"href":"https:\/\/www.troywhisper.com\/fr\/troy-whisper-medium-et-voyageur-psychic-and-traveler\/wp-json\/wp\/v2\/types\/page"}],"author":[{"embeddable":true,"href":"https:\/\/www.troywhisper.com\/fr\/troy-whisper-medium-et-voyageur-psychic-and-traveler\/wp-json\/wp\/v2\/users\/2"}],"replies":[{"embeddable":true,"href":"https:\/\/www.troywhisper.com\/fr\/troy-whisper-medium-et-voyageur-psychic-and-traveler\/wp-json\/wp\/v2\/comments?post=1731"}],"version-history":[{"count":7,"href":"https:\/\/www.troywhisper.com\/fr\/troy-whisper-medium-et-voyageur-psychic-and-traveler\/wp-json\/wp\/v2\/pages\/1731\/revisions"}],"predecessor-version":[{"id":1748,"href":"https:\/\/www.troywhisper.com\/fr\/troy-whisper-medium-et-voyageur-psychic-and-traveler\/wp-json\/wp\/v2\/pages\/1731\/revisions\/1748"}],"wp:attachment":[{"href":"https:\/\/www.troywhisper.com\/fr\/troy-whisper-medium-et-voyageur-psychic-and-traveler\/wp-json\/wp\/v2\/media?parent=1731"}],"curies":[{"name":"wp","href":"https:\/\/api.w.org\/{rel}","templated":true}]}}