{"id":1239,"date":"2020-08-23T22:44:09","date_gmt":"2020-08-23T20:44:09","guid":{"rendered":"http:\/\/www.troywhisper.com\/fr\/troy-whisper-medium-et-voyageur-psychic-and-traveler\/?page_id=1239"},"modified":"2020-09-03T03:26:37","modified_gmt":"2020-09-03T01:26:37","slug":"epiphyse-neurale-ou-glande-pineale","status":"publish","type":"page","link":"https:\/\/www.troywhisper.com\/fr\/troy-whisper-medium-et-voyageur-psychic-and-traveler\/fr\/epiphyse-neurale-ou-glande-pineale\/","title":{"rendered":"\u00c9piphyse neurale ou glande pin\u00e9ale"},"content":{"rendered":"\n<h2>\u00c9piphyse neurale ou glande pin\u00e9ale<\/h2>\n\n\n\n<p>Situ\u00e9 au centre du cerveau en forme de c\u00f4ne de pin de 8 mm, elle est constitu\u00e9e de <strong>cristaux d\u2019Apatite<\/strong>. <br><strong>Le docteur et psychiatre Sergio Felipe de Oliveira de l\u2019Universit\u00e9 de Sao-Polo et master en science, \u00e0 mis en \u00e9vidence ses fonctions et sa composition.<\/strong>  Il est reconnu notamment pour avoir travaill\u00e9 sur les th\u00e9ories du champs de l&#8217;ADN humain, compte tenu de sa formation en g\u00e9n\u00e9tique du c\u0153ur. Le professeur d\u00e9duit que les g\u00eanes ne sauraient fonctionner sans qu\u2019un esprit n\u2019induise leurs fonctionnements : <strong>l&#8217;embryo-gen\u00e8se<\/strong>.<\/p>\n\n\n\n<figure class=\"wp-block-image size-large\"><img loading=\"lazy\" width=\"678\" height=\"480\" src=\"http:\/\/www.troywhisper.com\/wp-content\/uploads\/2020\/07\/cerveau05.jpg\" alt=\"\" class=\"wp-image-843\" srcset=\"https:\/\/www.troywhisper.com\/wp-content\/uploads\/2020\/07\/cerveau05.jpg 678w, https:\/\/www.troywhisper.com\/wp-content\/uploads\/2020\/07\/cerveau05-300x212.jpg 300w\" sizes=\"(max-width: 678px) 100vw, 678px\" \/><\/figure>\n\n\n\n<p><strong>L&#8217;\u00c9piphyse est une petite glande endocrine <\/strong>responsable, entre autre, des rythmes circadiens, et de la mise en place de la sexualit\u00e9. La glande pin\u00e9ale donc, capte les ondes du spectre \u00e9lectro-magn\u00e9tique. Le lobe frontal proc\u00e8de ensuite au d\u00e9codage, avec le soutien des zones enc\u00e9phaliques.<\/p>\n\n\n\n<p><strong>John P. Rose de l&#8217;Universit\u00e9 d&#8217;Oxford<\/strong> affirme que l\u2019\u00eatre humain est biologique, psychologique et spirituel.<\/p>\n\n\n\n<p><strong>Sergio felippe de Oliveira,  neuro-psychiatre<\/strong> \u00e0 l\u2019Universit\u00e9 de Sao-Polo a d\u00e9couvert des cristaux d&#8217;apatite, (pr\u00e9sent \u00e0 l\u2019\u00e9tat naturel dans la nature). Ils se composent de Phosphate, de fluor et de chlore. Au moyen de diffraction des rayons X, il s\u2019est aper\u00e7u qu\u2019ils ne se calcifiaient pas, mais donnaient lieu \u00e0 la formation de structures organis\u00e9es. La tomographie par ordinateur et la r\u00e9sonance magn\u00e9tique ont \u00e9t\u00e9 utilis\u00e9es. Il met en \u00e9vidence une micro circulation sanguine qui maintient les cristaux <strong>m\u00e9taboliquement actifs et vivants.<\/strong><\/p>\n\n\n\n<p class=\"textchalk\">Il donne \u00e0 la glande une structure semblable \u00e0 une caisse de r\u00e9sonance.<\/p>\n\n\n\n<figure class=\"wp-block-image size-large\"><img loading=\"lazy\" width=\"678\" height=\"573\" src=\"http:\/\/www.troywhisper.com\/wp-content\/uploads\/2020\/07\/cerveau04.jpg\" alt=\"\" class=\"wp-image-654\" srcset=\"https:\/\/www.troywhisper.com\/wp-content\/uploads\/2020\/07\/cerveau04.jpg 678w, https:\/\/www.troywhisper.com\/wp-content\/uploads\/2020\/07\/cerveau04-300x254.jpg 300w\" sizes=\"(max-width: 678px) 100vw, 678px\" \/><\/figure>\n\n\n\n<p>L&#8217;apatite comporte de nombreux \u00e9lectrons \u00e0 sa superficie et <strong>repousse le champ magn\u00e9tique<\/strong>; lorsqu\u2019un champ approche, il touche les cristaux et ricoche sur un autre puis est emprisonn\u00e9. <\/p>\n\n\n\n<p>Plus les cristaux sont nombreux plus la personne pourra capter les champs. Les mediums &#8220;en auraient&#8221; plus que la normal. Le nombre est une caract\u00e9ristique biologique. En cons\u00e9quence nul ne peut n\u2019y l\u2019augmenter, n\u2019y le diminuer. Comme la couleur des yeux, par exemple.<br>La glande pin\u00e9ale est un formidable r\u00e9cepteur et les autres zones du cerveau d\u00e9codent ensuite, comme le cortex frontal. <strong>Sans cette interaction, cela serait impossible.<\/strong> Les animaux et notamment les c\u00e9tac\u00e9s qui ont cette glande n\u2019ont pas cette possibilit\u00e9. La glande pin\u00e9ale est atteinte par la lumi\u00e8re depuis la r\u00e9tine des yeux.<\/p>\n\n\n\n<p><strong>Intox :<\/strong><\/p>\n\n\n\n<p class=\"textchalk\">\u00c0 propos de la pens\u00e9e positive, cet un leurre !!! puisque 5% uniquement remonte \u00e0 la conscience 25% et subconsciente (d\u00e9couvert lors d\u2019une \u00e9tude r\u00e9alis\u00e9e sur le sommeil aux \u00c9tats Unis.) C\u2019est l\u2019ensemble du cerveau qui fonctionne et qui traite les informations; non une partie. 70% de l\u2019activit\u00e9 mentale est pourtant inconsciente.<\/p>\n","protected":false},"excerpt":{"rendered":"<p>\u00c9piphyse neurale ou glande pin\u00e9ale Situ\u00e9 au centre du cerveau en forme de c\u00f4ne de pin de 8 mm, elle est constitu\u00e9e de cristaux d\u2019Apatite. Le docteur et psychiatre Sergio Felipe de Oliveira de l\u2019Universit\u00e9 de Sao-Polo et master en science, \u00e0 mis en \u00e9vidence ses fonctions et sa composition. Il est reconnu notamment pour [&hellip;]<\/p>\n","protected":false},"author":2,"featured_media":0,"parent":0,"menu_order":0,"comment_status":"closed","ping_status":"closed","template":"","meta":[],"_links":{"self":[{"href":"https:\/\/www.troywhisper.com\/fr\/troy-whisper-medium-et-voyageur-psychic-and-traveler\/wp-json\/wp\/v2\/pages\/1239"}],"collection":[{"href":"https:\/\/www.troywhisper.com\/fr\/troy-whisper-medium-et-voyageur-psychic-and-traveler\/wp-json\/wp\/v2\/pages"}],"about":[{"href":"https:\/\/www.troywhisper.com\/fr\/troy-whisper-medium-et-voyageur-psychic-and-traveler\/wp-json\/wp\/v2\/types\/page"}],"author":[{"embeddable":true,"href":"https:\/\/www.troywhisper.com\/fr\/troy-whisper-medium-et-voyageur-psychic-and-traveler\/wp-json\/wp\/v2\/users\/2"}],"replies":[{"embeddable":true,"href":"https:\/\/www.troywhisper.com\/fr\/troy-whisper-medium-et-voyageur-psychic-and-traveler\/wp-json\/wp\/v2\/comments?post=1239"}],"version-history":[{"count":11,"href":"https:\/\/www.troywhisper.com\/fr\/troy-whisper-medium-et-voyageur-psychic-and-traveler\/wp-json\/wp\/v2\/pages\/1239\/revisions"}],"predecessor-version":[{"id":1955,"href":"https:\/\/www.troywhisper.com\/fr\/troy-whisper-medium-et-voyageur-psychic-and-traveler\/wp-json\/wp\/v2\/pages\/1239\/revisions\/1955"}],"wp:attachment":[{"href":"https:\/\/www.troywhisper.com\/fr\/troy-whisper-medium-et-voyageur-psychic-and-traveler\/wp-json\/wp\/v2\/media?parent=1239"}],"curies":[{"name":"wp","href":"https:\/\/api.w.org\/{rel}","templated":true}]}}