{"id":1225,"date":"2020-08-23T22:31:05","date_gmt":"2020-08-23T20:31:05","guid":{"rendered":"http:\/\/www.troywhisper.com\/fr\/troy-whisper-medium-et-voyageur-psychic-and-traveler\/?page_id=1225"},"modified":"2020-09-03T00:27:43","modified_gmt":"2020-09-02T22:27:43","slug":"meditation-de-pleine-conscience-et-pratique","status":"publish","type":"page","link":"https:\/\/www.troywhisper.com\/fr\/troy-whisper-medium-et-voyageur-psychic-and-traveler\/fr\/meditation-de-pleine-conscience-et-pratique\/","title":{"rendered":"M\u00e9ditation et pratique"},"content":{"rendered":"\n<h2>M\u00e9ditation et pratique<\/h2>\n\n\n\n<p>Atelier et s\u00e9ance gratuite en ligne ou en groupe en pr\u00e9sentiel, suivez l&#8217;actualit\u00e9. Les dates seront pr\u00e9cis\u00e9es un mois avant, sur le site.<\/p>\n\n\n\n<p><\/p>\n","protected":false},"excerpt":{"rendered":"<p>M\u00e9ditation et pratique Atelier et s\u00e9ance gratuite en ligne ou en groupe en pr\u00e9sentiel, suivez l&#8217;actualit\u00e9. Les dates seront pr\u00e9cis\u00e9es un mois avant, sur le site.<\/p>\n","protected":false},"author":2,"featured_media":0,"parent":0,"menu_order":0,"comment_status":"closed","ping_status":"closed","template":"","meta":[],"_links":{"self":[{"href":"https:\/\/www.troywhisper.com\/fr\/troy-whisper-medium-et-voyageur-psychic-and-traveler\/wp-json\/wp\/v2\/pages\/1225"}],"collection":[{"href":"https:\/\/www.troywhisper.com\/fr\/troy-whisper-medium-et-voyageur-psychic-and-traveler\/wp-json\/wp\/v2\/pages"}],"about":[{"href":"https:\/\/www.troywhisper.com\/fr\/troy-whisper-medium-et-voyageur-psychic-and-traveler\/wp-json\/wp\/v2\/types\/page"}],"author":[{"embeddable":true,"href":"https:\/\/www.troywhisper.com\/fr\/troy-whisper-medium-et-voyageur-psychic-and-traveler\/wp-json\/wp\/v2\/users\/2"}],"replies":[{"embeddable":true,"href":"https:\/\/www.troywhisper.com\/fr\/troy-whisper-medium-et-voyageur-psychic-and-traveler\/wp-json\/wp\/v2\/comments?post=1225"}],"version-history":[{"count":3,"href":"https:\/\/www.troywhisper.com\/fr\/troy-whisper-medium-et-voyageur-psychic-and-traveler\/wp-json\/wp\/v2\/pages\/1225\/revisions"}],"predecessor-version":[{"id":1352,"href":"https:\/\/www.troywhisper.com\/fr\/troy-whisper-medium-et-voyageur-psychic-and-traveler\/wp-json\/wp\/v2\/pages\/1225\/revisions\/1352"}],"wp:attachment":[{"href":"https:\/\/www.troywhisper.com\/fr\/troy-whisper-medium-et-voyageur-psychic-and-traveler\/wp-json\/wp\/v2\/media?parent=1225"}],"curies":[{"name":"wp","href":"https:\/\/api.w.org\/{rel}","templated":true}]}}