{"id":1206,"date":"2020-08-23T22:11:04","date_gmt":"2020-08-23T20:11:04","guid":{"rendered":"http:\/\/www.troywhisper.com\/fr\/troy-whisper-medium-et-voyageur-psychic-and-traveler\/?page_id=1206"},"modified":"2020-12-13T10:21:36","modified_gmt":"2020-12-13T09:21:36","slug":"prendre-rendez-vous-avec-troy","status":"publish","type":"page","link":"https:\/\/www.troywhisper.com\/fr\/troy-whisper-medium-et-voyageur-psychic-and-traveler\/fr\/prendre-rendez-vous-avec-troy\/","title":{"rendered":"Prendre rendez-vous avec Troy"},"content":{"rendered":"\n<h2>Prendre rendez-vous avec Troy<\/h2>\n\n\n\n<p>Les prises de rendez-vous s\u2019effectue <strong>exclusivement par mail,<\/strong> et <strong>uniquement \u00e0 l\u2019adresse<\/strong> : <a href=\"mailto:contact.troywhisper@gmail.com\"><strong>contact.troywhisper@gmail.com<\/strong><\/a> en prenant contact directement avec<strong> <\/strong>Kate<strong>.<\/strong><\/p>\n\n\n\n<figure class=\"wp-block-image size-large\"><img loading=\"lazy\" width=\"390\" height=\"603\" src=\"http:\/\/www.troywhisper.com\/wp-content\/uploads\/2020\/09\/Troy_chaise.jpg\" alt=\"\" class=\"wp-image-1263\" srcset=\"https:\/\/www.troywhisper.com\/wp-content\/uploads\/2020\/09\/Troy_chaise.jpg 390w, https:\/\/www.troywhisper.com\/wp-content\/uploads\/2020\/09\/Troy_chaise-194x300.jpg 194w\" sizes=\"(max-width: 390px) 100vw, 390px\" \/><\/figure>\n\n\n\n<p>Les consultations durent 1h15. Elles s\u2019effectuent soit en pr\u00e9sentiel,  lors de d\u00e9placement priv\u00e9, ou par visioconf\u00e9rence (Skype) et ce, partout \u00e0 travers le monde.<\/p>\n\n\n\n<p class=\"textchalk\">Les d\u00e9lais peuvent \u00eatre longs, aussi, armez vous de patience.<\/p>\n\n\n\n<p>Au plaisir de vous rencontrez ou de vous retrouvez prochainement.<\/p>\n","protected":false},"excerpt":{"rendered":"<p>Prendre rendez-vous avec Troy Les prises de rendez-vous s\u2019effectue exclusivement par mail, et uniquement \u00e0 l\u2019adresse : contact.troywhisper@gmail.com en prenant contact directement avec Kate. Les consultations durent 1h15. Elles s\u2019effectuent soit en pr\u00e9sentiel, lors de d\u00e9placement priv\u00e9, ou par visioconf\u00e9rence (Skype) et ce, partout \u00e0 travers le monde. Les d\u00e9lais peuvent \u00eatre longs, aussi, armez [&hellip;]<\/p>\n","protected":false},"author":2,"featured_media":0,"parent":0,"menu_order":0,"comment_status":"closed","ping_status":"closed","template":"","meta":[],"_links":{"self":[{"href":"https:\/\/www.troywhisper.com\/fr\/troy-whisper-medium-et-voyageur-psychic-and-traveler\/wp-json\/wp\/v2\/pages\/1206"}],"collection":[{"href":"https:\/\/www.troywhisper.com\/fr\/troy-whisper-medium-et-voyageur-psychic-and-traveler\/wp-json\/wp\/v2\/pages"}],"about":[{"href":"https:\/\/www.troywhisper.com\/fr\/troy-whisper-medium-et-voyageur-psychic-and-traveler\/wp-json\/wp\/v2\/types\/page"}],"author":[{"embeddable":true,"href":"https:\/\/www.troywhisper.com\/fr\/troy-whisper-medium-et-voyageur-psychic-and-traveler\/wp-json\/wp\/v2\/users\/2"}],"replies":[{"embeddable":true,"href":"https:\/\/www.troywhisper.com\/fr\/troy-whisper-medium-et-voyageur-psychic-and-traveler\/wp-json\/wp\/v2\/comments?post=1206"}],"version-history":[{"count":4,"href":"https:\/\/www.troywhisper.com\/fr\/troy-whisper-medium-et-voyageur-psychic-and-traveler\/wp-json\/wp\/v2\/pages\/1206\/revisions"}],"predecessor-version":[{"id":2214,"href":"https:\/\/www.troywhisper.com\/fr\/troy-whisper-medium-et-voyageur-psychic-and-traveler\/wp-json\/wp\/v2\/pages\/1206\/revisions\/2214"}],"wp:attachment":[{"href":"https:\/\/www.troywhisper.com\/fr\/troy-whisper-medium-et-voyageur-psychic-and-traveler\/wp-json\/wp\/v2\/media?parent=1206"}],"curies":[{"name":"wp","href":"https:\/\/api.w.org\/{rel}","templated":true}]}}